5, 374687
What are the prime factors of 667696?
2, 29, 1439
What are the prime factors of 395695?
5, 79139
What are the prime factors of 630007?
7, 90001
List the prime factors of 1066688.
2, 7, 2381
What are the prime factors of 3220167?
3, 443, 2423
List the prime factors of 337294.
2, 137, 1231
List the prime factors of 4075234.
2, 19, 107243
List the prime factors of 6212553.
3, 23, 179, 503
What are the prime factors of 36589?
7, 5227
What are the prime factors of 121463?
23, 5281
List the prime factors of 314882.
2, 29, 61, 89
List the prime factors of 509258.
2, 89, 2861
What are the prime factors of 322195?
5, 64439
What are the prime factors of 196639?
17, 43, 269
What are the prime factors of 25128528?
2, 3, 523511
What are the prime factors of 561406?
2, 280703
List the prime factors of 12256147.
12256147
List the prime factors of 214033.
214033
What are the prime factors of 3858412?
2, 541, 1783
List the prime factors of 9537974.
2, 4768987
List the prime factors of 6622536.
2, 3, 275939
What are the prime factors of 562280?
2, 5, 14057
What are the prime factors of 18776?
2, 2347
List the prime factors of 13909318.
2, 131, 53089
List the prime factors of 4249251.
3, 472139
List the prime factors of 144368.
2, 7, 1289
What are the prime factors of 320505?
3, 5, 23, 929
List the prime factors of 1585300.
2, 5, 83, 191
List the prime factors of 6043965.
3, 5, 47, 8573
What are the prime factors of 6029218?
2, 13, 231893
List the prime factors of 85051.
17, 5003
List the prime factors of 302892.
2, 3, 43, 587
List the prime factors of 1090585.
5, 218117
What are the prime factors of 1828758?
2, 3, 17, 17929
What are the prime factors of 2670170?
2, 5, 267017
What are the prime factors of 628789?
7, 43, 2089
List the prime factors of 593998.
2, 23, 37, 349
List the prime factors of 258739.
13, 1531
List the prime factors of 1203203.
31, 37, 1049
List the prime factors of 92658.
2, 3, 15443
List the prime factors of 12425024.
2, 194141
List the prime factors of 298469.
17, 97, 181
List the prime factors of 551230.
2, 5, 199, 277
What are the prime factors of 440926?
2, 113, 1951
What are the prime factors of 2917214?
2, 1458607
What are the prime factors of 1733918?
2, 811, 1069
What are the prime factors of 11680663?
1193, 9791
List the prime factors of 24115039.
13, 73, 25411
What are the prime factors of 400659?
3, 7, 19079
What are the prime factors of 448639?
149, 3011
List the prime factors of 179386.
2, 257, 349
List the prime factors of 11680457.
11680457
What are the prime factors of 624401?
624401
What are the prime factors of 23217448?
2, 139, 20879
List the prime factors of 5091293.
859, 5927
List the prime factors of 8891591.
8891591
What are the prime factors of 234955?
5, 7, 137
What are the prime factors of 22842814?
2, 367, 31121
What are the prime factors of 1159180?
2, 5, 11, 479
What are the prime factors of 5410660?
2, 5, 97, 2789
What are the prime factors of 4699492?
2, 7, 23977
What are the prime factors of 3654701?
421, 8681
List the prime factors of 1842510.
2, 3, 5, 61417
What are the prime factors of 4831?
4831
What are the prime factors of 253876?
2, 7, 9067
List the prime factors of 156103.
37, 4219
List the prime factors of 13179619.
31, 425149
What are the prime factors of 30636888?
2, 3, 37, 34501
What are the prime factors of 5613627?
3, 73, 25633
List the prime factors of 9630025.
5, 151, 2551
List the prime factors of 5316007.
5316007
List the prime factors of 1345524.
2, 3, 31, 3617
List the prime factors of 231434.
2, 7, 61, 271
What are the prime factors of 62568?
2, 3, 11, 79
List the prime factors of 429100.
2, 5, 7, 613
List the prime factors of 1005356.
2, 11, 73, 313
What are the prime factors of 499526?
2, 249763
List the prime factors of 99701.
7, 14243
List the prime factors of 195368.
2, 24421
What are the prime factors of 1691825?
5, 31, 37, 59
List the prime factors of 60774.
2, 3, 7, 1447
List the prime factors of 1232744.
2, 223, 691
List the prime factors of 11316594.
2, 3, 17, 110947
What are the prime factors of 127592?
2, 41, 389
List the prime factors of 404027.
13, 31079
What are the prime factors of 789437?
11, 43, 1669
What are the prime factors of 17036392?
2, 2129549
List the prime factors of 2608617.
3, 11, 137, 577
List the prime factors of 628353.
3, 11, 577
What are the prime factors of 3899424?
2, 3, 151, 269
What are the prime factors of 4764728?
2, 601, 991
What are the prime factors of 215409?
3, 59, 1217
List the prime factors of 7909906.
2, 173, 22861
List the prime factors of 4050204.
2, 3, 337517
What are the prime factors of 444621?
3, 148207
List the prime factors of 9264830.
2, 5, 17, 54499
List the prime factors of 359680.
2, 5, 281
What are the prime factors of 32421915?
3, 5, 293, 2459
List the prime factors of 950642.
2, 7, 11, 6173
What are the prime factors of 290483?
79, 3677
What are the prime factors of 3015001?
11, 17, 23, 701
What are the prime factors of 105524?
2, 23, 31, 37
List the prime factors of 26667928.
2, 7, 461, 1033
List the prime factors of 10635948.
2, 3, 17, 1931
What are the prime factors of 4463779?
4463779
What are the prime factors of 326927?
17, 19231
What are the prime factors of 753181?
11, 13, 23, 229
List the prime factors of 459540.
2, 3, 5, 23, 37
What are the prime factors of 3184626?
2, 3, 23, 47, 491
List the prime factors of 1398009.
3, 23, 20261
List the prime factors of 8169642.
2, 3, 13, 34913
What are the prime factors of 931483?
7, 133069
List the prime factors of 8987052.
2, 3, 748921
What are the prime factors of 558707?
41, 13627
What are the prime factors of 1102444?
2, 7, 39373
List the prime factors of 92802.
2, 3, 15467
What are the prime factors of 3704220?
2, 3, 5, 13, 1583
What are the prime factors of 15384961?
317, 48533
What are the prime factors of 1884115?
5, 376823
List the prime factors of 1648007.
617, 2671
List the prime factors of 14736860.
2, 5, 736843
List the prime factors of 23627497.
37, 638581
List the prime factors of 10140232.
2, 1267529
List the prime factors of 26706186.
2, 3, 13, 1409
List the prime factors of 697043.
37, 18839
What are the prime factors of 24647057?
4007, 6151
List the prime factors of 333972.
2, 3, 9277
List the prime factors of 64491.
3, 7, 37, 83
What are the prime factors of 4602596?
2, 1150649
What are the prime factors of 1358086?
2, 619, 1097
List the prime factors of 200850.
2, 3, 5, 13, 103
List the prime factors of 1710900.
2, 3, 5, 1901
List the prime factors of 387233.
7, 11, 47, 107
What are the prime factors of 264451?
11, 29, 829
What are the prime factors of 11713759?
43, 331, 823
What are the prime factors of 1141628?
2, 23, 12409
What are the prime factors of 2417236?
2, 604309
List the prime factors of 71277.
3, 23, 1033
List the prime factors of 249700.
2, 5, 11, 227
What are the prime factors of 4986157?
11, 37, 12251
List the prime factors of 657443.
83, 89
List the prime factors of 1607388.
2, 3, 133949
What are the prime factors of 3271602?
2, 3, 545267
List the prime factors of 6427666.
2, 7, 17, 113, 239
List the prime factors of 16688007.
3, 7, 264889
What are the prime factors of 24528989?
24528989
List the prime factors of 9335785.
5, 1867157
List the prime factors of 59938.
2, 23, 1303
List the prime factors of 853784.
2, 19, 41, 137
List the prime factors of 2914108.
2, 728527
List the prime factors of 216368.
2, 13523
What are the prime factors of 462803?
11, 42073
List the prime factors of 839597.
11, 127, 601
What are the prime factors of 423804?
2, 3, 35317
List the prime factors of 24900.
2, 3, 5, 83
List the prime factors of 7723030.
2, 5, 7, 31, 3559
What are the prime factors of 944468?
2, 7, 89, 379
List the prime factors of 1525332.
2, 3, 79, 1609
List the prime factors of 23574.
2, 3, 3929
List the prime factors of 692221.
692221
What are the prime factors of 5207980?
2, 5, 260399
What are the prime factors of 420474?
2, 3, 70079
List the prime factors of 9118563.
3, 277, 10973
What are the prime factors of 1492217?
23, 64879
List the prime factors of 247008.
2, 3, 31, 83
List the prime factors of 9180629.
17, 19, 43, 661
What are the prime factors of 8670019?
1201, 7219
What are the prime factors of 3823481?
389, 9829
Wh